{"id":1773,"date":"2026-05-02T17:41:22","date_gmt":"2026-05-02T15:41:22","guid":{"rendered":"https:\/\/mtherapy.net\/wordpress\/?post_type=product&#038;p=1773"},"modified":"2026-05-03T10:02:10","modified_gmt":"2026-05-03T08:02:10","slug":"hot-stone-massage-gutschein","status":"publish","type":"product","link":"https:\/\/mtherapy.net\/wordpress\/produkt\/hot-stone-massage-gutschein\/","title":{"rendered":"Hot Stone Massage Gutschein"},"content":{"rendered":"<p>Verschenke wohltuende W\u00e4rme und tiefe Entspannung.<\/p>\n<p>Mit einem Gutschein f\u00fcr die Hot Stone Massage schenkst du ein besonderes Massageerlebnis mit angenehm warmen Steinen. Die W\u00e4rme kann helfen, die Muskulatur zu entspannen, das Wohlbefinden zu steigern und K\u00f6rper und Geist zur Ruhe kommen zu lassen.<\/p>\n<p>W\u00e4hle einfach das gew\u00fcnschte Gutscheinmotiv und die passende Dauer aus. Der Gutschein wird nach dem Kauf als PDF erstellt und per E-Mail verschickt.<\/p>\n<p>Der Gutschein kann flexibel f\u00fcr die gew\u00e4hlte Dauer eingel\u00f6st werden und sorgt f\u00fcr ein warmes, ruhiges und besonders wohltuendes Massageerlebnis.<\/p>\n<p>Lieferoptionen:<\/p>\n<p>\u2022 Digital per E-Mail<br \/>\nDu erh\u00e4ltst den Gutschein nach Zahlungseingang bequem als PDF per E-Mail.<\/p>\n<p>\u2022 Abholung im Studio<br \/>\nAuf Wunsch erh\u00e4ltst du den Gutschein auch als hochwertige Karte zur pers\u00f6nlichen \u00dcbergabe.<\/p>\n<p>G\u00fcltigkeit: 12 Monate ab Kaufdatum.<\/p>\n","protected":false},"excerpt":{"rendered":"<p>W\u00e4hle aus drei Gutscheinmotiven und verschiedenen Massagezeiten deinen passenden Hot Stone Massage Gutschein.<\/p>\n","protected":false},"featured_media":1804,"comment_status":"open","ping_status":"closed","template":"","meta":[],"product_brand":[],"product_cat":[48],"product_tag":[],"class_list":{"0":"post-1773","1":"product","2":"type-product","3":"status-publish","4":"has-post-thumbnail","6":"product_cat-massagegutschein-neu","8":"first","9":"instock","10":"shipping-taxable","11":"purchasable","12":"product-type-variable","13":"has-default-attributes"},"_links":{"self":[{"href":"https:\/\/mtherapy.net\/wordpress\/wp-json\/wp\/v2\/product\/1773","targetHints":{"allow":["GET"]}}],"collection":[{"href":"https:\/\/mtherapy.net\/wordpress\/wp-json\/wp\/v2\/product"}],"about":[{"href":"https:\/\/mtherapy.net\/wordpress\/wp-json\/wp\/v2\/types\/product"}],"replies":[{"embeddable":true,"href":"https:\/\/mtherapy.net\/wordpress\/wp-json\/wp\/v2\/comments?post=1773"}],"wp:featuredmedia":[{"embeddable":true,"href":"https:\/\/mtherapy.net\/wordpress\/wp-json\/wp\/v2\/media\/1804"}],"wp:attachment":[{"href":"https:\/\/mtherapy.net\/wordpress\/wp-json\/wp\/v2\/media?parent=1773"}],"wp:term":[{"taxonomy":"product_brand","embeddable":true,"href":"https:\/\/mtherapy.net\/wordpress\/wp-json\/wp\/v2\/product_brand?post=1773"},{"taxonomy":"product_cat","embeddable":true,"href":"https:\/\/mtherapy.net\/wordpress\/wp-json\/wp\/v2\/product_cat?post=1773"},{"taxonomy":"product_tag","embeddable":true,"href":"https:\/\/mtherapy.net\/wordpress\/wp-json\/wp\/v2\/product_tag?post=1773"}],"curies":[{"name":"wp","href":"https:\/\/api.w.org\/{rel}","templated":true}]}}