{"id":1594,"date":"2026-04-19T16:11:27","date_gmt":"2026-04-19T14:11:27","guid":{"rendered":"https:\/\/mtherapy.net\/wordpress\/?post_type=product&#038;p=1594"},"modified":"2026-04-19T16:12:09","modified_gmt":"2026-04-19T14:12:09","slug":"wellness-behandlung-60-minuten","status":"publish","type":"product","link":"https:\/\/mtherapy.net\/wordpress\/produkt\/wellness-behandlung-60-minuten\/","title":{"rendered":"Wellness Behandlung \u2013 60 Minuten"},"content":{"rendered":"<p>Verschenken Sie wohltuende Entspannung f\u00fcr K\u00f6rper und Geist.<\/p>\n<p>Mit unserem Gutschein f\u00fcr die Wellness Behandlung schenken Sie eine entspannende Auszeit vom Alltag. Sanfte, flie\u00dfende Massagegriffe l\u00f6sen Verspannungen, f\u00f6rdern die Durchblutung und bringen K\u00f6rper und Geist wieder in Balance.<\/p>\n<p>Der Gutschein kann flexibel f\u00fcr die gew\u00e4hlte Dauer eingel\u00f6st werden und sorgt f\u00fcr ein rundum entspannendes Wohlf\u00fchlerlebnis.<\/p>\n<p>Lieferoptionen:<\/p>\n<p>\u2022 Digital per E-Mail<br \/>\nSie erhalten den Gutschein nach der Zahlung bequem als PDF per E-Mail.<\/p>\n<p>\u2022 Abholung im Studio<br \/>\nAuf Wunsch erhalten Sie den Gutschein auch als hochwertige Karte zur pers\u00f6nlichen \u00dcbergabe.<\/p>\n<p>Restbetr\u00e4ge bleiben selbstverst\u00e4ndlich als Guthaben bestehen.<\/p>\n<p>G\u00fcltigkeit: 12 Monate ab Kaufdatum.<\/p>\n","protected":false},"excerpt":{"rendered":"<p>60 Minuten \u00b7 80 \u20ac<\/p>\n<p>Wohltuende Auszeit f\u00fcr K\u00f6rper und Geist.<\/p>\n","protected":false},"featured_media":1567,"comment_status":"open","ping_status":"closed","template":"","meta":[],"product_brand":[],"product_cat":[47],"product_tag":[],"class_list":{"0":"post-1594","1":"product","2":"type-product","3":"status-publish","4":"has-post-thumbnail","6":"product_cat-neue-gutscheine-zum-testen","8":"first","9":"instock","10":"shipping-taxable","11":"purchasable","12":"product-type-variable"},"_links":{"self":[{"href":"https:\/\/mtherapy.net\/wordpress\/wp-json\/wp\/v2\/product\/1594","targetHints":{"allow":["GET"]}}],"collection":[{"href":"https:\/\/mtherapy.net\/wordpress\/wp-json\/wp\/v2\/product"}],"about":[{"href":"https:\/\/mtherapy.net\/wordpress\/wp-json\/wp\/v2\/types\/product"}],"replies":[{"embeddable":true,"href":"https:\/\/mtherapy.net\/wordpress\/wp-json\/wp\/v2\/comments?post=1594"}],"wp:featuredmedia":[{"embeddable":true,"href":"https:\/\/mtherapy.net\/wordpress\/wp-json\/wp\/v2\/media\/1567"}],"wp:attachment":[{"href":"https:\/\/mtherapy.net\/wordpress\/wp-json\/wp\/v2\/media?parent=1594"}],"wp:term":[{"taxonomy":"product_brand","embeddable":true,"href":"https:\/\/mtherapy.net\/wordpress\/wp-json\/wp\/v2\/product_brand?post=1594"},{"taxonomy":"product_cat","embeddable":true,"href":"https:\/\/mtherapy.net\/wordpress\/wp-json\/wp\/v2\/product_cat?post=1594"},{"taxonomy":"product_tag","embeddable":true,"href":"https:\/\/mtherapy.net\/wordpress\/wp-json\/wp\/v2\/product_tag?post=1594"}],"curies":[{"name":"wp","href":"https:\/\/api.w.org\/{rel}","templated":true}]}}